3 a factor of 24617044?
False
Does 412 divide 308231334?
False
Is 2438 a factor of 1516121498?
True
Is 1788 a factor of 15730824?
True
Does 687 divide 4631101587?
False
Is 120 a factor of 3151574?
False
Is 3074495188 a multiple of 9?
False
Does 28 divide 7219584092?
True
Does 4809 divide 298100292?
True
Does 2399 divide 238088755?
True
Does 7 divide 164587598?
True
Is 18 a factor of 14141067?
False
Is 29148949 a multiple of 77?
False
Does 3 divide 12057300?
True
Does 317 divide 132449891?
True
Does 10 divide 198687493?
False
Is 5904047 a multiple of 6?
False
Does 1046 divide 589079959?
False
Is 43113600 a multiple of 64?
True
Is 55512935 a multiple of 5?
True
Is 38289744 a multiple of 8?
True
Is 4726463436 a multiple of 246?
True
Is 657 a factor of 104603410?
False
Is 33 a factor of 28712739?
True
Is 275554105 a multiple of 57?
False
Does 16 divide 105767696?
True
Is 2020 a factor of 624304823?
False
Does 167 divide 152713985?
True
Is 189489840 a multiple of 2544?
True
Does 1541 divide 227299041?
True
Does 1647 divide 207797049?
True
Does 144 divide 137593296?
True
Is 228176262 a multiple of 74?
True
Is 162090469 a multiple of 24?
False
Is 158168852 a multiple of 509?
False
Is 87175674 a multiple of 74?
False
Is 287 a factor of 16480131?
False
Is 1238168072 a multiple of 1577?
False
Does 34 divide 368196700?
False
Is 58140047 a multiple of 72?
False
Is 585 a factor of 37640655?
True
Is 974 a factor of 22171162?
True
Does 10 divide 11869423?
False
Is 330557098 a multiple of 38?
True
Does 268 divide 1171011528?
True
Is 347740092 a multiple of 53?
False
Is 297 a factor of 97472571?
False
Does 301 divide 104132756?
True
Is 4 a factor of 120124182?
False
Is 327900064 a multiple of 8?
True
Is 17638019 a multiple of 54?
False
Is 351 a factor of 4300487100?
True
Is 4397 a factor of 1493440479?
False
Is 499281437 a multiple of 14?
False
Does 9 divide 40644964?
False
Does 15 divide 558200?
False
Is 1375 a factor of 1187760750?
True
Is 2490233073 a multiple of 18?
False
Is 1482745 a multiple of 4?
False
Is 1450831820 a multiple of 554?
True
Is 9 a factor of 24741405?
True
Is 1483 a factor of 16909879?
False
Is 124 a factor of 7485937?
False
Is 19413336 a multiple of 4?
True
Does 1950 divide 15114782?
False
Does 4 divide 441407596?
True
Does 16 divide 38627652?
False
Does 13 divide 99114773?
False
Is 521477598 a multiple of 1662?
False
Does 8 divide 314280151?
False
Is 55881684 a multiple of 1818?
True
Is 167 a factor of 2382025?
False
Does 213 divide 196530201?
True
Is 299 a factor of 7352709?
True
Is 21 a factor of 327546359?
False
Does 1197 divide 265440911?
False
Does 35 divide 514250289?
False
Is 5074 a factor of 429620521?
False
Does 941 divide 40783975?
False
Is 2700659736 a multiple of 2181?
False
Is 7 a factor of 1237832293?
False
Is 23 a factor of 29471510?
True
Does 100 divide 62086864?
False
Is 51230877 a multiple of 51?
True
Does 6408 divide 404515050?
False
Is 230 a factor of 9855500?
True
Is 196 a factor of 233963559?
False
Is 642694 a multiple of 38?
True
Does 3627 divide 95792788?
False
Does 295 divide 42989465?
True
Does 306 divide 152929008?
True
Does 869 divide 16835602?
False
Is 1422739999 a multiple of 13?
False
Is 15698949 a multiple of 69?
True
Is 689914794 a multiple of 586?
True
Is 14153294 a multiple of 3469?
False
Is 432 a factor of 447821354?
False
Does 1077 divide 42945375?
True
Does 5 divide 34505381?
False
Is 5445 a factor of 166156790?
False
Does 57 divide 1416603596?
False
Is 393 a factor of 1479963741?
False
Is 52 a factor of 414738006?
False
Is 1078189182 a multiple of 63?
True
Does 390 divide 9163945?
False
Is 17 a factor of 880668272?
True
Is 12 a factor of 8804040?
True
Is 119114766 a multiple of 57?
False
Does 79 divide 1146954994?
False
Does 49 divide 12269037?
False
Is 482802489 a multiple of 13?
True
Does 74 divide 8026426?
False
Is 407212250 a multiple of 106?
True
Is 10 a factor of 1606860400?
True
Is 672 a factor of 2016288?
False
Is 1068237934 a multiple of 15?
False
Is 105168269 a multiple of 3?
False
Is 68 a factor of 440943445?
False
Does 2 divide 15785?
False
Is 9436554 a multiple of 6?
True
Is 849444515 a multiple of 53?
True
Is 8015613 a multiple of 51?
False
Does 5 divide 521912032?
False
Is 354 a factor of 1070792652?
True
Is 1510 a factor of 14785920?
True
Is 87 a factor of 46067576?
False
Is 5 a factor of 736105092?
False
Does 1208 divide 30218469?
False
Is 13620984 a multiple of 1937?
True
Is 173 a factor of 26289772?
True
Is 4298 a factor of 2402582?
True
Does 19 divide 1341293714?
True
Is 47315798 a multiple of 322?
False
Is 460 a factor of 12336314?
False
Is 299 a factor of 73458918?
True
Is 76293392 a multiple of 368?
True
Is 20983578 a multiple of 14?
True
Is 185232960 a multiple of 30?
True
Does 30 divide 13630110?
True
Is 175403526 a multiple of 122?
False
Is 203241436 a multiple of 166?
True
Is 344495985 a multiple of 3?
True
Does 265 divide 323202480?
True
Is 2362371689 a multiple of 15?
False
Does 472 divide 276874728?
True
Is 266 a factor of 121671592?
True
Does 2 divide 917563?
False
Is 673193224 a multiple of 179?
True
Is 17160572 a multiple of 143?
True
Is 152540906 a multiple of 1441?
False
Does 58 divide 977468655?
False
Is 28 a factor of 197766212?
True
Does 47 divide 40588110?
False
Does 4 divide 37146898?
False
Is 1086 a factor of 704597950?
False
Does 4315 divide 500281100?
True
Does 7 divide 131620104?
True
Is 872 a factor of 18113348?
False
Is 12415815 a multiple of 6?
False
Is 264 a factor of 12256613?
False
Is 1337 a factor of 3805332?
False
Does 19 divide 255596101?
False
Is 57234412 a multiple of 4011?
False
Is 241643168 a multiple of 8?
True
Does 12 divide 16590456?
True
Does 3 divide 129780090?
True
Is 154072939 a multiple of 762?
False
Does 82 divide 38244920?
False
Is 143717112 a multiple of 8?
True
Does 26 divide 7952768?
False
Does 68 divide 41323328?
True
Does 700 divide 1717875640?
False
Is 2245 a factor of 773458625?
True
Is 43924445 a multiple of 1330?
False
Is 109119380 a multiple of 31?
True
Does 12 divide 2172476?
False
Is 569506950 a multiple of 19?
True
Is 6598674841 a multiple of 2762?
False
Does 953 divide 16646930?
False
Does 10 divide 1494560210?
True
Does 28 divide 179565827?
False
Is 50 a factor of 28890900?
True
Does 2280 divide 8646523?
False
Is 821945811 a multiple of 3334?
False
Is 52324575 a multiple of 341?
False
Does 22 divide 2074662?
False
Is 89308752 a multiple of 16?
True
Is 275206778 a multiple of 14?
True
Does 2350 divide 67896087?
False
Is 280193171 a multiple of 4?
False
Is 36 a factor of 313523628?
False
Does 361 divide 229751230?
True
Is 11 a factor of 306968684?
True
Is 19368792 a multiple of 292?
False
Is 1947512028 a multiple of 28?
True
Is 3121 a factor of 1636980105?
True
Is 3976 a factor of 252340816?
True
Is 39 a factor of 3420743625?
True
Is 11 a factor of 25436488?
True
Is 7 a factor of 83636637?
True
Does 924 divide 845461848?
True
Is 150047910 a multiple of 6894?
True
Does 687 divide 1283295390?
True
Is 3697 a factor of 188927791?
True
Is 281 a factor of 476710355?
False
Is 1825 a factor of 1117022275?
True
Does 387 divide 1785211?
False
Is 115996172 a multiple of 3?
False
Does 1552 divide 9478033?
False
Is 224 a factor of 11765760?
False
Is 6922 a factor of 1353417128?
True
Does 461 divide 137697777?
False
Is 46891358 a multiple of 37?
True
Is 495 a factor of 2426736510?
True
Is 15247104 a multiple of 6?
True
Does 9 divide 6169113?
True
Does 6 divide 78944460?
True
Does 1655 divide 653558595?
False
Does 366 divide 18647334?
True
Does 294 divide 331285668?
True
Is 655302354 a multiple of 42?
True
Is 1755 a factor of 69147174?
False
Is 705 a factor of 20961605?
False
Is 2335499771 a multiple of 32?
False
Is 1985 a factor of 19401475?
False
Is 742257304 a multiple of 124?
True
Is 204 a factor of 3617863336?
False
Is 925636593 a multiple of 2858?
False
Is 14808063 a multiple of 189?
False
Does 18 divide 14424173?
False
Is 9747508 a multiple of 206?
True
Is 365 a factor of 5295420?
True
Is 1459894757 a multiple of 12?
False
Is 176 a factor of 25036528?
True
Is 109936915 a multiple of 18?
False
Is 258703658 even?
True
Is 67145970 a multiple of 529?
True
Is 291 a factor of 6877203?
True
Does 14 divide 1791635211?
False
Is 621